{"id":49,"date":"2022-06-24T17:13:26","date_gmt":"2022-06-24T17:13:26","guid":{"rendered":"https:\/\/optik-bergner.de\/?page_id=49"},"modified":"2025-09-08T14:10:23","modified_gmt":"2025-09-08T14:10:23","slug":"ueber-uns","status":"publish","type":"page","link":"https:\/\/optik-bergner.de\/?page_id=49","title":{"rendered":"\u00dcber uns"},"content":{"rendered":"<div class=\"\" style=\"\" >\n    \n    <section class=\"u-align-left u-clearfix u-container-align-left u-hidden-sm u-hidden-xs u-image u-shading u-section-2\" id=\"carousel_b4f3\" data-image-width=\"1600\" data-image-height=\"1064\" style=\"background-image: linear-gradient(0deg, rgba(0, 0, 0, 0.4), rgba(0, 0, 0, 0.4)), url(&quot;https:\/\/optik-bergner.de\/wp-content\/uploads\/2022\/06\/OptikBergnerauen.jpg&quot;);\">\n      <div class=\"u-align-left u-clearfix u-sheet u-valign-middle u-sheet-1\">\n        <div class=\"u-align-center u-container-align-center u-container-style u-expanded-width-sm u-expanded-width-xs u-group u-opacity u-opacity-50 u-radius-15 u-shape-round u-white u-group-1\">\n          <div class=\"u-container-layout u-container-layout-1\">\n            <p class=\"u-text u-text-1\">\u00dcber \u200buns<\/p>\n          <\/div>\n        <\/div>\n      <\/div>\n    <\/section>\n    <section class=\"u-align-left u-clearfix u-container-align-left u-hidden-lg u-hidden-md u-hidden-xl u-hidden-xs u-section-3\" id=\"sec-0e12\">\n      <img decoding=\"async\" class=\"u-hidden-lg u-hidden-md u-hidden-xl u-hidden-xs u-image u-image-default u-image-1\" src=\"https:\/\/optik-bergner.de\/wp-content\/uploads\/2022\/06\/OptikBergnerauen.jpg\" alt=\"\" data-image-width=\"1600\" data-image-height=\"1064\">\n      <div class=\"u-align-center-lg u-align-center-md u-align-center-xl u-align-left-sm u-align-left-xs u-container-style u-group u-opacity u-opacity-50 u-radius-15 u-shape-round u-white u-group-1\">\n        <div class=\"u-container-layout u-valign-middle-sm u-valign-middle-xs u-container-layout-1\">\n          <p class=\"u-text u-text-default-sm u-text-default-xs u-text-1\">\u00dcber uns <\/p>\n        <\/div>\n      <\/div>\n    <\/section>\n    <section class=\"u-align-left u-clearfix u-container-align-left u-hidden-lg u-hidden-md u-hidden-sm u-hidden-xl u-section-4\" id=\"sec-4352\">\n      <div class=\"u-align-left u-clearfix u-sheet u-sheet-1\">\n        <img decoding=\"async\" class=\"u-hidden-lg u-hidden-md u-hidden-sm u-hidden-xl u-image u-image-default u-image-1\" src=\"https:\/\/optik-bergner.de\/wp-content\/uploads\/2022\/06\/OptikBergnerauen.jpg\" alt=\"\" data-image-width=\"1600\" data-image-height=\"1064\">\n      <\/div>\n    <\/section>\n    <section class=\"u-align-center u-clearfix u-container-align-center u-custom-color-1 u-section-5\" id=\"carousel_388e\">\n      <div class=\"u-clearfix u-sheet u-sheet-1\">\n        <blockquote class=\"u-align-center-sm u-align-center-xs u-border-20 u-border-custom-color-11 u-text u-text-1\">Herzlich willkommen!<\/blockquote>\n        <p class=\"u-text u-text-2\">Ihr Zentrum f\u00fcr gutes Sehen seit 1973 in Cloppenburg.&nbsp;<br>\n          <br>\n        <\/p>\n      <\/div>\n    <\/section>\n    <section class=\"u-clearfix u-section-6\" id=\"carousel_018f\">\n      <div class=\"u-clearfix u-sheet u-sheet-1\">\n        <div class=\"u-container-style u-custom-color-1 u-group u-group-1\">\n          <div class=\"u-container-layout u-valign-middle-lg u-valign-middle-xl u-valign-top-md u-container-layout-1\">\n            <h2 class=\"u-custom-font u-text u-text-default-lg u-text-default-md u-text-default-xl u-text-1\">Dirk Bergner<\/h2>\n            <p class=\"u-large-text u-text u-text-variant u-text-white u-text-2\"> 1999 \u00fcbernahm ich nach der Ausbildung als Augenoptiker in Osnabr\u00fcck und der Meisterschule in Diez a.d. Lahn, die Firma meines Vaters Walter Bergner <br>\n              <br>2014, nach dem Brand des Gesch\u00e4ftshauses in der Lange Stra\u00dfe in Cloppenburg legten wir alles daran den Betrieb neu aufzubauen. Mit der Hilfe vieler Freunde, Bekannter und Kollegen des Cloppenburger Handwerks, ging es dann, nur 3 Monate nach dem Brand, schon in den neuen Standort in der Eschstra\u00dfe 4 in Cloppenburg.<br>\n              <br>Im Fr\u00fchjahr 2018 erweiterten wir unsere R\u00e4ume und konnten die Abteilung f\u00fcr vergr\u00f6\u00dfernde und Spezialsehhilfen in eine ruhige Atmosph\u00e4re verbessern.<br>\n              <br>Hier begeistern wir unsere Kunden aus vollem Herzen und mit neuester Technik und bester Qualit\u00e4t. <br>\n              <br>Ich freue mich auf Ihren Besuch!&nbsp;<br>\n            <\/p>\n          <\/div>\n        <\/div>\n        <div alt=\"\" class=\"u-border-3 u-border-custom-color-2 u-image u-image-circle u-image-1\" data-image-width=\"1600\" data-image-height=\"1067\" style=\"background-image: url(&quot;https:\/\/optik-bergner.de\/wp-content\/uploads\/2022\/06\/Dirk.jpg&quot;);\"><\/div>\n        <div class=\"u-custom-color-1 u-hidden-sm u-hidden-xs u-shape u-shape-circle u-shape-1\"><\/div>\n        <div class=\"u-custom-color-1 u-hidden-sm u-hidden-xs u-shape u-shape-circle u-shape-2\"><\/div>\n        <div class=\"u-custom-color-1 u-hidden-sm u-hidden-xs u-shape u-shape-circle u-shape-3\"><\/div>\n      <\/div>\n    <\/section>\n    <section class=\"u-align-center u-clearfix u-container-align-center u-custom-color-1 u-section-7\" id=\"carousel_7d5d\">\n      <div class=\"u-clearfix u-sheet u-valign-middle-sm u-sheet-1\">\n        <div class=\"u-expanded-width u-list u-list-1\">\n          <div class=\"u-repeater u-repeater-1\">\n            <div class=\"u-container-style u-list-item u-repeater-item\">\n              <div class=\"u-container-layout u-similar-container u-container-layout-1\">\n                <img decoding=\"async\" class=\"u-border-3 u-border-custom-color-2 u-image u-image-1\" src=\"https:\/\/optik-bergner.de\/wp-content\/uploads\/2023\/08\/c5e69d247ccbc94685f201fa0e7e230c1850d2ad48dcd6f259270d12c9cdd30b575e1dddf6cb6f7221e7858c21e30942906c1bee7bc863a7abfdea_1280.png\" data-image-width=\"1280\" data-image-height=\"1280\">\n                <div class=\"u-border-3 u-border-custom-color-2 u-container-style u-group u-white u-group-1\">\n                  <div class=\"u-container-layout u-container-layout-2\">\n                    <h4 class=\"u-align-center u-custom-font u-text u-text-1\"> Am\u00e8lie Fee Bussmann<\/h4>\n                    <h6 class=\"u-align-center u-custom-font u-custom-item u-text u-text-custom-color-2 u-text-2\"> Auszubildende<\/h6>\n                  <\/div>\n                <\/div>\n              <\/div>\n            <\/div>\n            <div class=\"u-align-center u-container-align-center u-container-style u-list-item u-repeater-item\">\n              <div class=\"u-container-layout u-similar-container u-container-layout-3\">\n                <img decoding=\"async\" class=\"u-border-3 u-border-custom-color-2 u-image u-image-2\" src=\"https:\/\/optik-bergner.de\/wp-content\/uploads\/2023\/11\/Broring-2036x2048.jpg\" data-image-width=\"2545\" data-image-height=\"2560\">\n                <div class=\"u-border-3 u-border-custom-color-2 u-container-style u-group u-white u-group-2\">\n                  <div class=\"u-container-layout u-container-layout-4\">\n                    <h4 class=\"u-align-center u-custom-font u-text u-text-default u-text-3\">Anne Regehr<\/h4>\n                    <h6 class=\"u-align-center u-custom-font u-custom-item u-text u-text-custom-color-2 u-text-4\">Augenoptikermeisterin<br>&amp; Optometristin HWK\n                    <\/h6>\n                  <\/div>\n                <\/div>\n              <\/div>\n            <\/div>\n            <div class=\"u-container-style u-list-item u-repeater-item\">\n              <div class=\"u-container-layout u-similar-container u-container-layout-5\">\n                <img decoding=\"async\" class=\"u-border-3 u-border-custom-color-2 u-image u-image-3\" src=\"https:\/\/optik-bergner.de\/wp-content\/uploads\/2022\/06\/Simone12.jpg\" data-image-width=\"1600\" data-image-height=\"1511\">\n                <div class=\"u-border-3 u-border-custom-color-2 u-container-style u-group u-white u-group-3\">\n                  <div class=\"u-container-layout u-container-layout-6\">\n                    <h4 class=\"u-align-center u-custom-font u-text u-text-default u-text-5\">Simone Bergner<\/h4>\n                    <h6 class=\"u-align-center u-custom-font u-custom-item u-text u-text-custom-color-2 u-text-6\">Industriekauffrau<\/h6>\n                  <\/div>\n                <\/div>\n              <\/div>\n            <\/div>\n          <\/div>\n        <\/div>\n      <\/div>\n    <\/section>\n    \n    \n    \n  \n<\/div>","protected":false},"excerpt":{"rendered":"<p>\u00dcber \u200buns \u00dcber uns Herzlich willkommen! Ihr Zentrum f\u00fcr gutes Sehen seit 1973 in Cloppenburg.&nbsp; Dirk Bergner 1999 \u00fcbernahm ich nach der Ausbildung als Augenoptiker in Osnabr\u00fcck und der Meisterschule in Diez a.d. Lahn, die Firma meines Vaters Walter Bergner 2014, nach dem Brand des Gesch\u00e4ftshauses in der Lange Stra\u00dfe in Cloppenburg legten wir alles [&hellip;]<\/p>\n","protected":false},"author":1,"featured_media":0,"parent":0,"menu_order":5,"comment_status":"closed","ping_status":"closed","template":"","meta":{"footnotes":""},"_links":{"self":[{"href":"https:\/\/optik-bergner.de\/index.php?rest_route=\/wp\/v2\/pages\/49"}],"collection":[{"href":"https:\/\/optik-bergner.de\/index.php?rest_route=\/wp\/v2\/pages"}],"about":[{"href":"https:\/\/optik-bergner.de\/index.php?rest_route=\/wp\/v2\/types\/page"}],"author":[{"embeddable":true,"href":"https:\/\/optik-bergner.de\/index.php?rest_route=\/wp\/v2\/users\/1"}],"replies":[{"embeddable":true,"href":"https:\/\/optik-bergner.de\/index.php?rest_route=%2Fwp%2Fv2%2Fcomments&post=49"}],"version-history":[{"count":18,"href":"https:\/\/optik-bergner.de\/index.php?rest_route=\/wp\/v2\/pages\/49\/revisions"}],"predecessor-version":[{"id":163,"href":"https:\/\/optik-bergner.de\/index.php?rest_route=\/wp\/v2\/pages\/49\/revisions\/163"}],"wp:attachment":[{"href":"https:\/\/optik-bergner.de\/index.php?rest_route=%2Fwp%2Fv2%2Fmedia&parent=49"}],"curies":[{"name":"wp","href":"https:\/\/api.w.org\/{rel}","templated":true}]}}